et w be -4 + -1 - (-2 - -1). Let l be 1 - 2 - w/2. Let b = 7 + -2. Calculate the greatest common factor of l and b.
1
Let z be (2/(-4) - 0)*0. Suppose z = -5*n + 30 + 135. What is the highest common factor of n and 3?
3
Let q be 52*1*(198/(-4))/(-11). What is the greatest common factor of 26 and q?
26
Let l be (-17)/((-425)/(-10)) - (-94)/10. Calculate the highest common divisor of 18 and l.
9
Suppose -2*f + 3*f = 25. What is the greatest common divisor of f and 5?
5
Let n = 55 + -35. Calculate the greatest common factor of n and 5.
5
Let v(a) = a + 2. Let q be v(-8). Let b(u) = -2*u - 5. Let s be b(q). Let t be 7/2*-14*-1. What is the greatest common factor of s and t?
7
Suppose -4*o + 112 - 20 = 0. Calculate the highest common divisor of 230 and o.
23
Let j(g) = 24*g + 4. Let o be j(1). What is the greatest common factor of 7 and o?
7
Suppose 3*q = 2*x - 28, -40 = -4*x + q - 4. Suppose -100 = -3*r + x. What is the greatest common factor of 12 and r?
12
Let h = -6 + 11. Suppose -2*i - 2*f - 42 = i, -5*i - 3*f = 70. Let n = 15 + i. Calculate the highest common divisor of n and h.
1
Suppose 5*o + g = 91, -2*o - 3*g = -6*o + 69. Suppose 7*h = 3*h + 24. What is the greatest common divisor of o and h?
6
Suppose w - 4*z = 53, -3*w - 54 = z - 148. Calculate the greatest common factor of w and 3.
3
Let o be ((-21)/(-12))/(2/8). Let g = -11 + o. Let h be (-10)/g*36/10. What is the greatest common factor of 36 and h?
9
Suppose 6 + 16 = -5*v + 3*j, 3*j + 13 = -2*v. Let z = v - -9. Suppose -5*k = d - 127, -5*k - z = -k. What is the highest common factor of 12 and d?
12
Let p = -10 + 25. Let v be 2*3*-1 - 0. Let a be (9/v)/(3/(-10)). What is the highest common factor of a and p?
5
Let w = -133 - -163. What is the greatest common factor of w and 12?
6
Let s be 4/8*6 - -67. Let h = s - -34. What is the highest common factor of h and 13?
13
Suppose -2*f = -7*f + 90. Suppose -3*x + f = -x. Let g(y) = y**3 - 14*y**2 + 20*y - 19. Let c be g(13). What is the highest common factor of x and c?
9
Let r be 9/(-11) + (-4)/22. Let o = 2 + r. Let q(f) = 16*f**3 - f**2 + f - 1. Let h be q(o). Calculate the greatest common divisor of h and 15.
15
Suppose v - 2 = 7. Let g = -17 + 7. Let k be (36/(-10))/(2/g). Calculate the highest common divisor of v and k.
9
Let w(m) = -m**3 + 3*m**2 + m + 1. Let d be w(3). Suppose d*y = 2*y - 346. Let j = -113 - y. What is the highest common divisor of 24 and j?
12
Suppose 0 = -h - 5*u + 57, u = 4*h - 214 + 49. Suppose 5 = -5*v + 15, -3*v + h = d. What is the greatest common divisor of d and 36?
36
Suppose l - 2*m - 3 = 3, 3*l - 3*m = 15. Suppose 2*c = d + 91, 2*d = -l*c + c + 133. What is the greatest common divisor of 18 and c?
9
Let c = 6 + 4. Let l = -105 + 155. What is the greatest common divisor of l and c?
10
Let p = 36 - 29. Suppose 0 = f + f - 154. Calculate the highest common divisor of p and f.
7
Let y(g) = 8*g**3 - g**2 - 2*g. Let c be y(2). Suppose -j = -5*j + c. Let a be ((-126)/3)/(-1 - 0). What is the highest common factor of j and a?
14
Let k(x) = x**2 + 9*x - 15. Let u be k(-14). Calculate the greatest common factor of 5 and u.
5
Let l = 30 + -6. Suppose 63 = 3*s + 15. What is the highest common divisor of s and l?
8
Suppose -4*q + 244 = -124. Calculate the greatest common factor of 69 and q.
23
Let v be (-12)/4 - (2 + -9). Suppose -4*t - 4*g = -100, 3*t = -v*g - 0*g + 72. Calculate the greatest common factor of t and 4.
4
Let h(z) = -27*z + 3. Let f be h(-3). Suppose 0 = -7*s + s + 72. Calculate the highest common divisor of s and f.
12
Suppose -7*u + 11*u = 300. What is the highest common divisor of 45 and u?
15
Suppose -107*j + 42 = -105*j. What is the highest common factor of j and 231?
21
Let p = 37 - 35. Calculate the greatest common factor of p and 16.
2
Suppose 4*x - 3*q + 0*q - 96 = 0, -x + 7 = -5*q. Suppose -4*d + 1 = -15. Let h = d + -1. Calculate the greatest common divisor of x and h.
3
Let p(s) = 5*s**3 + 1. Let j be p(1). Let m = 2 + j. Let z be 3 + -1 - (8 + -38). Calculate the greatest common factor of m and z.
8
Suppose g + 0 + 5 = l, -l - 1 = -3*g. Let p = l + -6. What is the greatest common factor of p and 22?
2
Suppose -4*p + 13 = -19. What is the greatest common factor of 24 and p?
8
Let q = 759 - 1079. Let t be ((-4)/10)/(2/q). Calculate the greatest common factor of t and 8.
8
Let m = 3 - 0. Suppose 3 = -2*b - v, -v - 3 = -m*b - 0*v. Suppose b = -2*p + 5*s + 200, 2*p - 246 = 3*s - 54. What is the greatest common divisor of p and 15?
15
Let d = -24 - -91. What is the highest common factor of d and 335?
67
Suppose -62 - 50 = -2*p. Calculate the greatest common divisor of 7 and p.
7
Let l = -1 - -1. Suppose -5*w + 24 = k, 5*k = -3*w - l*w + 54. Let n = 3 + 6. Calculate the highest common divisor of n and k.
9
Suppose 5*n = -y + 5*y + 63, 0 = 3*n - 2*y - 39. Calculate the highest common divisor of 255 and n.
15
Let q be (-1)/(-3) - (-16)/(-3). Let g = 1 - q. What is the greatest common factor of g and 2?
2
Suppose 6*a - 48 = 3*a. Calculate the greatest common factor of a and 64.
16
Let i = 49 + -31. Let k(q) = -q**3 + 2*q**2 + q. Let m be k(-1). Let s be 14/m + (-2 - -1). Calculate the greatest common divisor of i and s.
6
Let r(v) = -v + v + 3 - v**2 - 6*v. Let m be (-34)/6 + 1/(-3). Let x be r(m). Calculate the greatest common divisor of x and 9.
3
Suppose -m + 17 = 5. What is the highest common divisor of 12 and m?
12
Let z = 1 - -11. Let m(x) = -x**3 - 3*x**2 + 3*x + 4. Let p be m(-4). What is the highest common factor of p and z?
4
Let m(k) = k**2 + k + 13. Let d be m(0). Let i = d + -7. Suppose i = z + 5*r + 11, -5*z - r = -47. What is the highest common divisor of z and 5?
5
Let w be 11*(2 - -25)/(-3). Let b = -71 - w. What is the greatest common factor of 224 and b?
28
Suppose -900 = 10*d - 15*d. Calculate the greatest common factor of 40 and d.
20
Let v = 52 - -12. What is the greatest common divisor of 4 and v?
4
Let y = 4 - 6. Let t(p) = 4*p**2 + 3*p + 2. Let g be t(y). Suppose 22*l - 20*l - 24 = 0. Calculate the greatest common divisor of g and l.
12
Let p = 21 + 4. Calculate the highest common factor of p and 5.
5
Suppose 0*w + 112 = 4*c - w, 4*c = -4*w + 112. Suppose 0 = -u - u + c. Calculate the greatest common divisor of u and 14.
14
Suppose 3*a - 30 = -0*a. What is the highest common divisor of a and 40?
10
Let y = 15 + 8. What is the greatest common divisor of 23 and y?
23
Let r(c) = 4*c**2 + 11*c + 3. Suppose 4*n - 8 = 5*n. Let s be r(n). Let z(d) = 8*d - 5. Let b be z(3). Calculate the highest common divisor of b and s.
19
Suppose s = 2 + 3. Suppose -p + 0*p + 3*y + 11 = 0, -3*y = 2*p + s. Calculate the greatest common factor of 1 and p.
1
Suppose 55 = 5*c - 4*b, -4*b = -4*c - b + 44. Let z(s) = s**2 - 3*s - 7. Let v be z(-5). Calculate the highest common divisor of v and c.
11
Suppose 4*f - 2 - 82 = 0. Suppose -5*h - 3*y = -f, -3*y - 14 = -5*h - 5. What is the highest common factor of 15 and h?
3
Suppose -22 = 4*i + 5*n - 58, -4*i = n - 36. Calculate the highest common divisor of i and 3.
3
Let c be (-6)/(-4)*48/(-18). Let p be -2 + 5 + c - -15. Calculate the highest common factor of p and 2.
2
Suppose 0 = -0*z - 3*z + 165. Let m(w) = 2*w**2 - 3*w - 3. Let k be m(-2). Calculate the greatest common divisor of k and z.
11
Let u(p) = -11*p - 5. Let l be u(-4). What is the highest common factor of l and 13?
13
Suppose -f + 2 = -0*f. Calculate the greatest common factor of f and 5.
1
Let v = 3 - 3. Suppose 4 = p - v. Suppose -c = -4*m + 9, 0 = -2*m + p*c + 3 + 5. What is the greatest common divisor of m and 6?
2
Let m(j) = -2*j - 4. Let w be m(-17). Suppose 144 = 5*i + 44. What is the highest common divisor of i and w?
10
Let q(t) = 2*t + 2. Let m be 8/(-28) - (-44)/7. Let s be q(m). Let r(w) = w**2 + 16*w + 4. Let k be r(-17). What is the highest common divisor of s and k?
7
Suppose -t + 13 = -39. Let o be (1/3)/((-2)/(-78)). Calculate the greatest common divisor of o and t.
13
Let u = 5 + -3. Suppose 0 = -3*i + u*i + 20. What is the highest common factor of i and 10?
10
Let n = 25 - 21. Calculate the greatest common factor of 4 and n.
4
Suppose 4*q + 9 = 4*o - 23, 2*o - 3*q - 11 = 0. Let g = 76 - 41. Let a = -22 + g. What is the highest common factor of o and a?
13
Let j = 73 